{"id":393,"date":"2024-01-16T00:18:27","date_gmt":"2024-01-16T00:18:27","guid":{"rendered":"https:\/\/suelenflores.com.br\/?page_id=393"},"modified":"2024-01-16T00:40:50","modified_gmt":"2024-01-16T00:40:50","slug":"e-books","status":"publish","type":"page","link":"https:\/\/suelenflores.com.br\/?page_id=393","title":{"rendered":"E-books"},"content":{"rendered":"\n<figure class=\"wp-block-image size-large is-resized\"><img data-recalc-dims=\"1\" fetchpriority=\"high\" decoding=\"async\" src=\"https:\/\/i0.wp.com\/suelenflores.com.br\/wp-content\/uploads\/2024\/01\/Baixe-o-seu-E-book-agora-mesmo-4.png?resize=599%2C599\" alt=\"\" class=\"wp-image-398\" width=\"599\" height=\"599\" srcset=\"https:\/\/i0.wp.com\/suelenflores.com.br\/wp-content\/uploads\/2024\/01\/Baixe-o-seu-E-book-agora-mesmo-4.png?resize=1024%2C1024&amp;ssl=1 1024w, https:\/\/i0.wp.com\/suelenflores.com.br\/wp-content\/uploads\/2024\/01\/Baixe-o-seu-E-book-agora-mesmo-4.png?resize=300%2C300&amp;ssl=1 300w, https:\/\/i0.wp.com\/suelenflores.com.br\/wp-content\/uploads\/2024\/01\/Baixe-o-seu-E-book-agora-mesmo-4.png?resize=150%2C150&amp;ssl=1 150w, https:\/\/i0.wp.com\/suelenflores.com.br\/wp-content\/uploads\/2024\/01\/Baixe-o-seu-E-book-agora-mesmo-4.png?resize=768%2C768&amp;ssl=1 768w, https:\/\/i0.wp.com\/suelenflores.com.br\/wp-content\/uploads\/2024\/01\/Baixe-o-seu-E-book-agora-mesmo-4.png?resize=1536%2C1536&amp;ssl=1 1536w, https:\/\/i0.wp.com\/suelenflores.com.br\/wp-content\/uploads\/2024\/01\/Baixe-o-seu-E-book-agora-mesmo-4.png?resize=2048%2C2048&amp;ssl=1 2048w, https:\/\/i0.wp.com\/suelenflores.com.br\/wp-content\/uploads\/2024\/01\/Baixe-o-seu-E-book-agora-mesmo-4.png?resize=270%2C270&amp;ssl=1 270w, https:\/\/i0.wp.com\/suelenflores.com.br\/wp-content\/uploads\/2024\/01\/Baixe-o-seu-E-book-agora-mesmo-4.png?w=1280 1280w, https:\/\/i0.wp.com\/suelenflores.com.br\/wp-content\/uploads\/2024\/01\/Baixe-o-seu-E-book-agora-mesmo-4.png?w=1920 1920w\" sizes=\"(max-width: 599px) 100vw, 599px\" \/><\/figure>\n\n\n\n<figure class=\"wp-block-embed is-type-wp-embed is-provider-pagina-inicial wp-block-embed-pagina-inicial\"><div class=\"wp-block-embed__wrapper\">\n<blockquote class=\"wp-embedded-content\" data-secret=\"R4XOwTUcac\"><a href=\"https:\/\/suelenflores.com.br\/?p=376\">E-book &#8211; 5 passos r\u00e1pidos e simples para voc\u00ea entender o que resultados t\u00eam a ver com a maneira como voc\u00ea pensa sobre possibilidade, capacidade e merecimento &#8211; Suelen Flores<\/a><\/blockquote><iframe class=\"wp-embedded-content\" sandbox=\"allow-scripts\" security=\"restricted\" style=\"position: absolute; clip: rect(1px, 1px, 1px, 1px);\" title=\"&#8220;E-book &#8211; 5 passos r\u00e1pidos e simples para voc\u00ea entender o que resultados t\u00eam a ver com a maneira como voc\u00ea pensa sobre possibilidade, capacidade e merecimento &#8211; Suelen Flores&#8221; &#8212; P\u00e1gina Inicial \" src=\"https:\/\/suelenflores.com.br\/?p=376&#038;embed=true#?secret=siCJg7Cb8J#?secret=R4XOwTUcac\" data-secret=\"R4XOwTUcac\" width=\"600\" height=\"338\" frameborder=\"0\" marginwidth=\"0\" marginheight=\"0\" scrolling=\"no\"><\/iframe>\n<\/div><\/figure>\n\n\n\n<figure class=\"wp-block-image size-large is-resized\"><img data-recalc-dims=\"1\" decoding=\"async\" src=\"https:\/\/i0.wp.com\/suelenflores.com.br\/wp-content\/uploads\/2024\/01\/Baixe-o-seu-E-book-agora-mesmo-3-1-1024x1024.png?resize=600%2C600&#038;ssl=1\" alt=\"\" class=\"wp-image-404\" width=\"600\" height=\"600\" srcset=\"https:\/\/i0.wp.com\/suelenflores.com.br\/wp-content\/uploads\/2024\/01\/Baixe-o-seu-E-book-agora-mesmo-3-1.png?resize=1024%2C1024&amp;ssl=1 1024w, https:\/\/i0.wp.com\/suelenflores.com.br\/wp-content\/uploads\/2024\/01\/Baixe-o-seu-E-book-agora-mesmo-3-1.png?resize=300%2C300&amp;ssl=1 300w, https:\/\/i0.wp.com\/suelenflores.com.br\/wp-content\/uploads\/2024\/01\/Baixe-o-seu-E-book-agora-mesmo-3-1.png?resize=150%2C150&amp;ssl=1 150w, https:\/\/i0.wp.com\/suelenflores.com.br\/wp-content\/uploads\/2024\/01\/Baixe-o-seu-E-book-agora-mesmo-3-1.png?resize=768%2C768&amp;ssl=1 768w, https:\/\/i0.wp.com\/suelenflores.com.br\/wp-content\/uploads\/2024\/01\/Baixe-o-seu-E-book-agora-mesmo-3-1.png?resize=1536%2C1536&amp;ssl=1 1536w, https:\/\/i0.wp.com\/suelenflores.com.br\/wp-content\/uploads\/2024\/01\/Baixe-o-seu-E-book-agora-mesmo-3-1.png?resize=2048%2C2048&amp;ssl=1 2048w, https:\/\/i0.wp.com\/suelenflores.com.br\/wp-content\/uploads\/2024\/01\/Baixe-o-seu-E-book-agora-mesmo-3-1.png?resize=270%2C270&amp;ssl=1 270w, https:\/\/i0.wp.com\/suelenflores.com.br\/wp-content\/uploads\/2024\/01\/Baixe-o-seu-E-book-agora-mesmo-3-1.png?w=1280 1280w, https:\/\/i0.wp.com\/suelenflores.com.br\/wp-content\/uploads\/2024\/01\/Baixe-o-seu-E-book-agora-mesmo-3-1.png?w=1920 1920w\" sizes=\"(max-width: 600px) 100vw, 600px\" \/><\/figure>\n\n\n\n<p><br><a href=\"https:\/\/hotmart.com\/pt-br\/marketplace\/produtos\/colocando-pernas-nos-seus-sonhos-autocoaching-em-6-passos\/T73994791Q\">https:\/\/hotmart.com\/pt-br\/marketplace\/produtos\/colocando-pernas-nos-seus-sonhos-autocoaching-em-6-passos\/T73994791Q<\/a><\/p>\n\n\n\n<p><\/p>\n","protected":false},"excerpt":{"rendered":"<p>https:\/\/hotmart.com\/pt-br\/marketplace\/produtos\/colocando-pernas-nos-seus-sonhos-autocoaching-em-6-passos\/T73994791Q<\/p>\n","protected":false},"author":1,"featured_media":0,"parent":0,"menu_order":0,"comment_status":"closed","ping_status":"closed","template":"","meta":{"footnotes":""},"class_list":["post-393","page","type-page","status-publish","hentry"],"yoast_head":"<!-- This site is optimized with the Yoast SEO plugin v27.5 - https:\/\/yoast.com\/product\/yoast-seo-wordpress\/ -->\n<title>E-books &#8902; P\u00e1gina Inicial<\/title>\n<meta name=\"robots\" content=\"index, follow, max-snippet:-1, max-image-preview:large, max-video-preview:-1\" \/>\n<link rel=\"canonical\" href=\"https:\/\/suelenflores.com.br\/?page_id=393\" \/>\n<meta property=\"og:locale\" content=\"pt_BR\" \/>\n<meta property=\"og:type\" content=\"article\" \/>\n<meta property=\"og:title\" content=\"E-books &#8902; P\u00e1gina Inicial\" \/>\n<meta property=\"og:description\" content=\"https:\/\/hotmart.com\/pt-br\/marketplace\/produtos\/colocando-pernas-nos-seus-sonhos-autocoaching-em-6-passos\/T73994791Q\" \/>\n<meta property=\"og:url\" content=\"https:\/\/suelenflores.com.br\/?page_id=393\" \/>\n<meta property=\"og:site_name\" content=\"P\u00e1gina Inicial\" \/>\n<meta property=\"article:modified_time\" content=\"2024-01-16T00:40:50+00:00\" \/>\n<meta property=\"og:image\" content=\"http:\/\/suelenflores.com.br\/wp-content\/uploads\/2024\/01\/Baixe-o-seu-E-book-agora-mesmo-4-1024x1024.png\" \/>\n<meta name=\"twitter:card\" content=\"summary_large_image\" \/>\n<meta name=\"twitter:label1\" content=\"Est. tempo de leitura\" \/>\n\t<meta name=\"twitter:data1\" content=\"1 minuto\" \/>\n<script type=\"application\/ld+json\" class=\"yoast-schema-graph\">{\"@context\":\"https:\\\/\\\/schema.org\",\"@graph\":[{\"@type\":\"WebPage\",\"@id\":\"https:\\\/\\\/suelenflores.com.br\\\/?page_id=393\",\"url\":\"https:\\\/\\\/suelenflores.com.br\\\/?page_id=393\",\"name\":\"E-books &#8902; P\u00e1gina Inicial\",\"isPartOf\":{\"@id\":\"http:\\\/\\\/suelenflores.com.br\\\/#website\"},\"primaryImageOfPage\":{\"@id\":\"https:\\\/\\\/suelenflores.com.br\\\/?page_id=393#primaryimage\"},\"image\":{\"@id\":\"https:\\\/\\\/suelenflores.com.br\\\/?page_id=393#primaryimage\"},\"thumbnailUrl\":\"http:\\\/\\\/suelenflores.com.br\\\/wp-content\\\/uploads\\\/2024\\\/01\\\/Baixe-o-seu-E-book-agora-mesmo-4-1024x1024.png\",\"datePublished\":\"2024-01-16T00:18:27+00:00\",\"dateModified\":\"2024-01-16T00:40:50+00:00\",\"breadcrumb\":{\"@id\":\"https:\\\/\\\/suelenflores.com.br\\\/?page_id=393#breadcrumb\"},\"inLanguage\":\"pt-BR\",\"potentialAction\":[{\"@type\":\"ReadAction\",\"target\":[\"https:\\\/\\\/suelenflores.com.br\\\/?page_id=393\"]}]},{\"@type\":\"ImageObject\",\"inLanguage\":\"pt-BR\",\"@id\":\"https:\\\/\\\/suelenflores.com.br\\\/?page_id=393#primaryimage\",\"url\":\"https:\\\/\\\/i0.wp.com\\\/suelenflores.com.br\\\/wp-content\\\/uploads\\\/2024\\\/01\\\/Baixe-o-seu-E-book-agora-mesmo-4.png?fit=3375%2C3375&ssl=1\",\"contentUrl\":\"https:\\\/\\\/i0.wp.com\\\/suelenflores.com.br\\\/wp-content\\\/uploads\\\/2024\\\/01\\\/Baixe-o-seu-E-book-agora-mesmo-4.png?fit=3375%2C3375&ssl=1\",\"width\":3375,\"height\":3375},{\"@type\":\"BreadcrumbList\",\"@id\":\"https:\\\/\\\/suelenflores.com.br\\\/?page_id=393#breadcrumb\",\"itemListElement\":[{\"@type\":\"ListItem\",\"position\":1,\"name\":\"In\u00edcio\",\"item\":\"http:\\\/\\\/suelenflores.com.br\\\/\"},{\"@type\":\"ListItem\",\"position\":2,\"name\":\"E-books\"}]},{\"@type\":\"WebSite\",\"@id\":\"http:\\\/\\\/suelenflores.com.br\\\/#website\",\"url\":\"http:\\\/\\\/suelenflores.com.br\\\/\",\"name\":\"P\u00e1gina Inicial\",\"description\":\"Suelen Flores\\\/Coaching de Vida e Neg\u00f3cios\",\"publisher\":{\"@id\":\"http:\\\/\\\/suelenflores.com.br\\\/#\\\/schema\\\/person\\\/d251d5c5f7df00b074a25e58f55ca8a1\"},\"potentialAction\":[{\"@type\":\"SearchAction\",\"target\":{\"@type\":\"EntryPoint\",\"urlTemplate\":\"http:\\\/\\\/suelenflores.com.br\\\/?s={search_term_string}\"},\"query-input\":{\"@type\":\"PropertyValueSpecification\",\"valueRequired\":true,\"valueName\":\"search_term_string\"}}],\"inLanguage\":\"pt-BR\"},{\"@type\":[\"Person\",\"Organization\"],\"@id\":\"http:\\\/\\\/suelenflores.com.br\\\/#\\\/schema\\\/person\\\/d251d5c5f7df00b074a25e58f55ca8a1\",\"name\":\"Suelen Flores\",\"image\":{\"@type\":\"ImageObject\",\"inLanguage\":\"pt-BR\",\"@id\":\"https:\\\/\\\/secure.gravatar.com\\\/avatar\\\/153404a21ebcfb660460f164cef312d7cb571986c8b9fd28b4a04d8eaac41f58?s=96&d=mm&r=g\",\"url\":\"https:\\\/\\\/secure.gravatar.com\\\/avatar\\\/153404a21ebcfb660460f164cef312d7cb571986c8b9fd28b4a04d8eaac41f58?s=96&d=mm&r=g\",\"contentUrl\":\"https:\\\/\\\/secure.gravatar.com\\\/avatar\\\/153404a21ebcfb660460f164cef312d7cb571986c8b9fd28b4a04d8eaac41f58?s=96&d=mm&r=g\",\"caption\":\"Suelen Flores\"},\"logo\":{\"@id\":\"https:\\\/\\\/secure.gravatar.com\\\/avatar\\\/153404a21ebcfb660460f164cef312d7cb571986c8b9fd28b4a04d8eaac41f58?s=96&d=mm&r=g\"},\"sameAs\":[\"http:\\\/\\\/suelenflores.com.br\"]}]}<\/script>\n<!-- \/ Yoast SEO plugin. -->","yoast_head_json":{"title":"E-books &#8902; P\u00e1gina Inicial","robots":{"index":"index","follow":"follow","max-snippet":"max-snippet:-1","max-image-preview":"max-image-preview:large","max-video-preview":"max-video-preview:-1"},"canonical":"https:\/\/suelenflores.com.br\/?page_id=393","og_locale":"pt_BR","og_type":"article","og_title":"E-books &#8902; P\u00e1gina Inicial","og_description":"https:\/\/hotmart.com\/pt-br\/marketplace\/produtos\/colocando-pernas-nos-seus-sonhos-autocoaching-em-6-passos\/T73994791Q","og_url":"https:\/\/suelenflores.com.br\/?page_id=393","og_site_name":"P\u00e1gina Inicial","article_modified_time":"2024-01-16T00:40:50+00:00","og_image":[{"url":"http:\/\/suelenflores.com.br\/wp-content\/uploads\/2024\/01\/Baixe-o-seu-E-book-agora-mesmo-4-1024x1024.png","type":"","width":"","height":""}],"twitter_card":"summary_large_image","twitter_misc":{"Est. tempo de leitura":"1 minuto"},"schema":{"@context":"https:\/\/schema.org","@graph":[{"@type":"WebPage","@id":"https:\/\/suelenflores.com.br\/?page_id=393","url":"https:\/\/suelenflores.com.br\/?page_id=393","name":"E-books &#8902; P\u00e1gina Inicial","isPartOf":{"@id":"http:\/\/suelenflores.com.br\/#website"},"primaryImageOfPage":{"@id":"https:\/\/suelenflores.com.br\/?page_id=393#primaryimage"},"image":{"@id":"https:\/\/suelenflores.com.br\/?page_id=393#primaryimage"},"thumbnailUrl":"http:\/\/suelenflores.com.br\/wp-content\/uploads\/2024\/01\/Baixe-o-seu-E-book-agora-mesmo-4-1024x1024.png","datePublished":"2024-01-16T00:18:27+00:00","dateModified":"2024-01-16T00:40:50+00:00","breadcrumb":{"@id":"https:\/\/suelenflores.com.br\/?page_id=393#breadcrumb"},"inLanguage":"pt-BR","potentialAction":[{"@type":"ReadAction","target":["https:\/\/suelenflores.com.br\/?page_id=393"]}]},{"@type":"ImageObject","inLanguage":"pt-BR","@id":"https:\/\/suelenflores.com.br\/?page_id=393#primaryimage","url":"https:\/\/i0.wp.com\/suelenflores.com.br\/wp-content\/uploads\/2024\/01\/Baixe-o-seu-E-book-agora-mesmo-4.png?fit=3375%2C3375&ssl=1","contentUrl":"https:\/\/i0.wp.com\/suelenflores.com.br\/wp-content\/uploads\/2024\/01\/Baixe-o-seu-E-book-agora-mesmo-4.png?fit=3375%2C3375&ssl=1","width":3375,"height":3375},{"@type":"BreadcrumbList","@id":"https:\/\/suelenflores.com.br\/?page_id=393#breadcrumb","itemListElement":[{"@type":"ListItem","position":1,"name":"In\u00edcio","item":"http:\/\/suelenflores.com.br\/"},{"@type":"ListItem","position":2,"name":"E-books"}]},{"@type":"WebSite","@id":"http:\/\/suelenflores.com.br\/#website","url":"http:\/\/suelenflores.com.br\/","name":"P\u00e1gina Inicial","description":"Suelen Flores\/Coaching de Vida e Neg\u00f3cios","publisher":{"@id":"http:\/\/suelenflores.com.br\/#\/schema\/person\/d251d5c5f7df00b074a25e58f55ca8a1"},"potentialAction":[{"@type":"SearchAction","target":{"@type":"EntryPoint","urlTemplate":"http:\/\/suelenflores.com.br\/?s={search_term_string}"},"query-input":{"@type":"PropertyValueSpecification","valueRequired":true,"valueName":"search_term_string"}}],"inLanguage":"pt-BR"},{"@type":["Person","Organization"],"@id":"http:\/\/suelenflores.com.br\/#\/schema\/person\/d251d5c5f7df00b074a25e58f55ca8a1","name":"Suelen Flores","image":{"@type":"ImageObject","inLanguage":"pt-BR","@id":"https:\/\/secure.gravatar.com\/avatar\/153404a21ebcfb660460f164cef312d7cb571986c8b9fd28b4a04d8eaac41f58?s=96&d=mm&r=g","url":"https:\/\/secure.gravatar.com\/avatar\/153404a21ebcfb660460f164cef312d7cb571986c8b9fd28b4a04d8eaac41f58?s=96&d=mm&r=g","contentUrl":"https:\/\/secure.gravatar.com\/avatar\/153404a21ebcfb660460f164cef312d7cb571986c8b9fd28b4a04d8eaac41f58?s=96&d=mm&r=g","caption":"Suelen Flores"},"logo":{"@id":"https:\/\/secure.gravatar.com\/avatar\/153404a21ebcfb660460f164cef312d7cb571986c8b9fd28b4a04d8eaac41f58?s=96&d=mm&r=g"},"sameAs":["http:\/\/suelenflores.com.br"]}]}},"jetpack_sharing_enabled":true,"_links":{"self":[{"href":"https:\/\/suelenflores.com.br\/index.php?rest_route=\/wp\/v2\/pages\/393","targetHints":{"allow":["GET"]}}],"collection":[{"href":"https:\/\/suelenflores.com.br\/index.php?rest_route=\/wp\/v2\/pages"}],"about":[{"href":"https:\/\/suelenflores.com.br\/index.php?rest_route=\/wp\/v2\/types\/page"}],"author":[{"embeddable":true,"href":"https:\/\/suelenflores.com.br\/index.php?rest_route=\/wp\/v2\/users\/1"}],"replies":[{"embeddable":true,"href":"https:\/\/suelenflores.com.br\/index.php?rest_route=%2Fwp%2Fv2%2Fcomments&post=393"}],"version-history":[{"count":4,"href":"https:\/\/suelenflores.com.br\/index.php?rest_route=\/wp\/v2\/pages\/393\/revisions"}],"predecessor-version":[{"id":405,"href":"https:\/\/suelenflores.com.br\/index.php?rest_route=\/wp\/v2\/pages\/393\/revisions\/405"}],"wp:attachment":[{"href":"https:\/\/suelenflores.com.br\/index.php?rest_route=%2Fwp%2Fv2%2Fmedia&parent=393"}],"curies":[{"name":"wp","href":"https:\/\/api.w.org\/{rel}","templated":true}]}}